{"id":255,"date":"2019-02-08T09:49:38","date_gmt":"2019-02-08T09:49:38","guid":{"rendered":"https:\/\/victorthemes.com\/themes\/ceremony\/?page_id=255"},"modified":"2022-02-02T10:20:16","modified_gmt":"2022-02-02T10:20:16","slug":"chisono","status":"publish","type":"page","link":"https:\/\/lianamoca.it\/index.php\/chisono\/","title":{"rendered":"Chi sono"},"content":{"rendered":"\t\t<div data-elementor-type=\"wp-post\" data-elementor-id=\"255\" class=\"elementor elementor-255\">\n\t\t\t\t\t\t<section class=\"elementor-section elementor-top-section elementor-element elementor-element-a0527ca elementor-section-full_width elementor-section-height-default elementor-section-height-default\" data-id=\"a0527ca\" data-element_type=\"section\">\n\t\t\t\t\t\t<div class=\"elementor-container elementor-column-gap-default\">\n\t\t\t\t\t<div class=\"elementor-column elementor-col-100 elementor-top-column elementor-element elementor-element-8defb1e\" data-id=\"8defb1e\" data-element_type=\"column\">\n\t\t\t<div class=\"elementor-widget-wrap elementor-element-populated\">\n\t\t\t\t\t\t<div class=\"elementor-element elementor-element-c2ded59 elementor-widget elementor-widget-vt-ceremony_history\" data-id=\"c2ded59\" data-element_type=\"widget\" data-widget_type=\"vt-ceremony_history.default\">\n\t\t\t\t<div class=\"elementor-widget-container\">\n\t\t\t<div class=\"crmny-history\">\r\n\t\t  <div class=\"container\">\r\n\t\t    <div class=\"row align-items-center\">\r\n\t\t      <div class=\"col-lg-4 textright history-left\">\r\n\t\t        <div class=\"history-item\">\r\n\t\t          \r\n\t\t          \r\n\t\t        <\/div>\r\n\t\t      <\/div>\r\n\t\t      <div class=\"col-lg-4\">\r\n\t\t        <div class=\"history-item\">\r\n\t\t          <div class=\"crmny-image\"><img decoding=\"async\" src=\"https:\/\/lianamoca.it\/wp-content\/uploads\/2022\/01\/WhatsApp-Image-2021-11-22-at-12.25.42_credits-348x348.jpg\" alt=\"\"><\/div>\r\n\t\t        <\/div>\r\n\t\t      <\/div>\r\n\t\t      <div class=\"col-lg-4 history-right\">\r\n\t\t        <div class=\"history-item\">\r\n\t\t          \r\n\t\t          \r\n\t\t        <\/div>\r\n\t\t      <\/div>\r\n\t\t    <\/div>\r\n\t\t  <\/div>\r\n\t\t<\/div>\t\t<\/div>\n\t\t\t\t<\/div>\n\t\t\t\t<div class=\"elementor-element elementor-element-114a000 elementor-widget elementor-widget-vt-ceremony_section_title\" data-id=\"114a000\" data-element_type=\"widget\" data-widget_type=\"vt-ceremony_section_title.default\">\n\t\t\t\t<div class=\"elementor-widget-container\">\n\t\t\t<div class=\"section-title-wrap  crmny-sectTitleElementor \"><h2 class=\"section-title\">Chi sono?<\/h2><p>Sono una persona positiva con una forte voglia di conoscere gli altri e le loro storie. Ho sempre cercato di comprendere i motivi delle scelte delle persone che ho di fronte e l\u2019empatia mi ha aiutato tanto in questo.\nSono una chiacchierona, ne sono consapevole, ma so di riuscire ad ascoltare gli altri e a fare le domande giuste per permettere a tutti di raccontarsi.\nQueste mie caratteristiche mi hanno portato in maniera molto naturale a voler fare questo lavoro. Per me celebrare una cerimonia \u00e8 un momento importante per la vita di chi mi ha chiamato a rivestire questo ruolo, ma lo \u00e8 anche per me. \nCerco di entrare con estremo rispetto nella vita altrui, di ascoltare con attenzione le loro storie e mi impegno seriamente a trovare le parole giuste da utilizzare durante la cerimonia. Niente deve essere lasciato al caso, perch\u00e9 non ci sono prove generali. Questo significa prevedere ogni evenienza, immaginare cosa pu\u00f2 succedere o cosa pu\u00f2 essere necessario. Ed \u00e8 per questo che la professionalit\u00e0 \u00e8 una delle componenti importanti di questo lavoro. \nCollaboro con i professionisti che lavorano per la cerimonia. Con i wedding planner, le location, il fotografo o i musicisti quando si tratta di matrimoni o feste in generale; con le agenzie funebri quando si tratta di funerali. Sono momenti importanti che i professionisti possono rendere speciali e sollevare i committenti da ogni pensiero.\n<\/p><\/div>\t\t<\/div>\n\t\t\t\t<\/div>\n\t\t\t\t<div class=\"elementor-element elementor-element-705b265 elementor-widget elementor-widget-image\" data-id=\"705b265\" data-element_type=\"widget\" data-widget_type=\"image.default\">\n\t\t\t\t<div class=\"elementor-widget-container\">\n\t\t\t<style>\/*! elementor - v3.22.0 - 17-06-2024 *\/\n.elementor-widget-image{text-align:center}.elementor-widget-image a{display:inline-block}.elementor-widget-image a img[src$=\".svg\"]{width:48px}.elementor-widget-image img{vertical-align:middle;display:inline-block}<\/style>\t\t\t\t\t\t\t\t\t\t<img decoding=\"async\" src=\"https:\/\/lianamoca.it\/wp-content\/uploads\/elementor\/thumbs\/secondafotochisono-qf5pugl69izkmv9pthamv1trcab3scenbf13seh2n4.jpeg\" title=\"secondafotochisono\" alt=\"secondafotochisono\" loading=\"lazy\" \/>\t\t\t\t\t\t\t\t\t\t\t\t\t<\/div>\n\t\t\t\t<\/div>\n\t\t\t\t<div class=\"elementor-element elementor-element-cc96150 elementor-widget elementor-widget-vt-ceremony_section_title\" data-id=\"cc96150\" data-element_type=\"widget\" data-widget_type=\"vt-ceremony_section_title.default\">\n\t\t\t\t<div class=\"elementor-widget-container\">\n\t\t\t<div class=\"section-title-wrap  crmny-sectTitleElementor \"><p>\n<br><br>\n<b> LA MIA STORIA COME CELEBRANTE<\/b>\n<br><br>\nHo cominciato ad interessarmi di cerimonie laiche, quando ho pensato a quello che volevo per me. Non appartengo a nessuna religione, ma ho sempre creduto che i momenti di passaggio vadano condivisi con le persone importanti della propria vita. \n\u00c8 stata questa la molla che mi ha spinto a partecipare al corso dell\u2019Uaar con Richard Brown nel 2014. Da quel momento il mio impegno si \u00e8 ampliato e ho iniziato a collaborare con l\u2019Uaar per la crescita del progetto legato alle cerimonie laiche, che poi si \u00e8 trasformato in <a href=\"https:\/\/www.cerimonieuniche.it\/\" target=\"_blank\">Cerimonieuniche<\/a>. Ho affiancato i docenti di questo progetto Richard Brown, Clarissa Botsford e Rosanna Lavagna; con loro seguivo i corsisti aiutandoli e sostenendoli in questo lavoro ancora poco conosciuto in Italia.\nAttraverso questo confronto continuo con i miei colleghi, abbiamo avvertito la necessit\u00e0 di creare un\u2019associazione di celebranti professionisti. Clarissa, Richard ed io abbiamo fondato a marzo 2021 la <a href=\"https:\/\/www.federcelebranti.com\" target=\"_blank\">Federcelebranti<\/a>, che oggi raccoglie decine di professionisti del settore. \nMa il risultato pi\u00f9 grande ottenuto \u00e8 stata la pubblicazione della Prassi di Riferimento UNI\/PdR 118:2021 a settembre 2021, che norma il lavoro di celebrante. Questo passaggio importantissimo \u00e8 stato pensato soprattutto per le persone che si rivolgono ai celebranti in un momento fondamentale della loro vita e al loro diritto di poter trovare un professionista certificato. Con Richard e Clarissa ho avuto l\u2019onore di sedere al tavolo di UNI in qualit\u00e0 di esperta e questa esperienza ha arricchito moltissimo il mio bagaglio personale. Inoltre si \u00e8 trattata di una grande soddisfazione, perch\u00e9 sebbene in Europa questo lavoro \u00e8 molto diffuso, siamo stati i primi a normare questa attivit\u00e0. \n<br><br>\n<b> DOVE SVOLGO LA MIA ATTIVIT\u00c0 DI CELEBRANTE?<\/b>\n<br><br>\nLavoro prevalentemente in Abruzzo, Molise, Umbria, Marche e Provincia di Foggia. Ma non ho problemi a spostarmi in altre zone di Italia. \n<br><br>\n<b> IN CHE LINGUE CELEBRO?<\/b>\n<br><br>\nCelebro in italiano, inglese, tedesco, francese e spagnolo.\n<br><br>\n<b> E SE CI FOSSERO OSPITI CHE PARLANO DUE LINGUE DIVERSE?<\/b>\n<br><br>\nNon ci sono problemi: la cerimonia pu\u00f2 essere fatta in due lingue. Possiamo predisporre il libretto-nozze bilingue, in modo che tutti gli ospiti possano seguire la cerimonia. Non sottovalutate questo dettaglio. \u00c8 molto importante che tutti gli ospiti si sentano coinvolti durante la cerimonia. Se sono l\u00ec \u00e8 perch\u00e9 per voi rappresentano una parte fondamentale della vostra vita e vorranno capire cosa succede. Quindi studieremo la soluzione per far seguire loro la cerimonia.\n<\/p><\/div>\t\t<\/div>\n\t\t\t\t<\/div>\n\t\t\t\t<div class=\"elementor-element elementor-element-d844930 elementor-widget elementor-widget-vt-ceremony_section_title\" data-id=\"d844930\" data-element_type=\"widget\" data-widget_type=\"vt-ceremony_section_title.default\">\n\t\t\t\t<div class=\"elementor-widget-container\">\n\t\t\t<div class=\"section-title-wrap  crmny-sectTitleElementor \"><div class=\"crmny-btn-wrap\"><a href=\"https:\/\/wa.me\/+393281227901\" target=\"_blank\" rel=\"nofollow\" class=\"crmny-btn\">Contattami<\/a><\/div><\/div>\t\t<\/div>\n\t\t\t\t<\/div>\n\t\t\t\t\t<\/div>\n\t\t<\/div>\n\t\t\t\t\t<\/div>\n\t\t<\/section>\n\t\t\t\t<section class=\"elementor-section elementor-top-section elementor-element elementor-element-c8a977c elementor-section-stretched elementor-section-full_width elementor-section-height-default elementor-section-height-default\" data-id=\"c8a977c\" data-element_type=\"section\" data-settings=\"{&quot;stretch_section&quot;:&quot;section-stretched&quot;,&quot;background_background&quot;:&quot;classic&quot;}\">\n\t\t\t\t\t\t<div class=\"elementor-container elementor-column-gap-default\">\n\t\t\t\t\t<div class=\"elementor-column elementor-col-100 elementor-top-column elementor-element elementor-element-a0ca61e\" data-id=\"a0ca61e\" data-element_type=\"column\">\n\t\t\t<div class=\"elementor-widget-wrap elementor-element-populated\">\n\t\t\t\t\t\t<div class=\"elementor-element elementor-element-e2bd6f4 elementor-widget elementor-widget-vt-ceremony_section_title\" data-id=\"e2bd6f4\" data-element_type=\"widget\" data-widget_type=\"vt-ceremony_section_title.default\">\n\t\t\t\t<div class=\"elementor-widget-container\">\n\t\t\t<div class=\"section-title-wrap  crmny-sectTitleElementor \"><h2 class=\"section-title\">Cosa faccio? E cosa non faccio?<\/h2><p><b> Cosa faccio come celebrante? Una piccola guida per farvi capire qual \u00e8 il mio lavoro e quali sono i servizi che vi offro. \n<br>\n<br>\n\nCosa faccio  <\/b><br>\nScrivo la cerimonia su misura dei committenti. La personalizzo, cerco di includere tutti i particolari importanti e i valori nella maniera pi\u00f9 rispettosa per tutti e poi la celebro. \nVi aiuto a capire cosa poter includere nella cerimonia e come poterla rendere bella e condivisibile.\nVi aiuto nella scelta delle letture o della musica da inserire all\u2019interno della cerimonia.\nVi aiuto a trovare i luoghi dove poter celebrare il vostro matrimonio da sogno, sia civile che simbolico. <br><br>\n\n\n\n<b>\nCosa non faccio  <br>\n\n<\/b>\n\n\nNon sono una wedding planner o un\u2019agenzia di servizi funebri.\nNon mi occupo di allestire lo spazio e di fornire i materiali per la cerimonia.\nNon sistemo il luogo della cerimonia, non fornisco il materiale per abbellire, n\u00e9 il materiale per i riti.\nMa soprattutto non metto la fascia tricolore se \u00e8 una cerimonia simbolica. L\u2019uso della fascia \u00e8 normato e pu\u00f2 essere utilizzato solo in caso di matrimonio o unione civile\n<\/p><\/div>\t\t<\/div>\n\t\t\t\t<\/div>\n\t\t\t\t\t<\/div>\n\t\t<\/div>\n\t\t\t\t\t<\/div>\n\t\t<\/section>\n\t\t\t\t<\/div>\n\t\t","protected":false},"excerpt":{"rendered":"Chi sono? Sono una persona positiva con una forte voglia di conoscere gli altri e le loro storie. Ho sempre cercato di comprendere i motivi delle scelte delle persone che ho di fronte e l\u2019empatia mi ha aiutato tanto in questo. Sono una chiacchierona, ne sono consapevole, ma so di riuscire ad ascoltare gli altri&#8230;","protected":false},"author":1,"featured_media":0,"parent":0,"menu_order":0,"comment_status":"closed","ping_status":"closed","template":"","meta":{"om_disable_all_campaigns":false,"_monsterinsights_skip_tracking":false,"_monsterinsights_sitenote_active":false,"_monsterinsights_sitenote_note":"","_monsterinsights_sitenote_category":0,"h5ap_radio_sources":[],"footnotes":""},"class_list":["post-255","page","type-page","status-publish","hentry"],"aioseo_notices":[],"_links":{"self":[{"href":"https:\/\/lianamoca.it\/index.php\/wp-json\/wp\/v2\/pages\/255","targetHints":{"allow":["GET"]}}],"collection":[{"href":"https:\/\/lianamoca.it\/index.php\/wp-json\/wp\/v2\/pages"}],"about":[{"href":"https:\/\/lianamoca.it\/index.php\/wp-json\/wp\/v2\/types\/page"}],"author":[{"embeddable":true,"href":"https:\/\/lianamoca.it\/index.php\/wp-json\/wp\/v2\/users\/1"}],"replies":[{"embeddable":true,"href":"https:\/\/lianamoca.it\/index.php\/wp-json\/wp\/v2\/comments?post=255"}],"version-history":[{"count":47,"href":"https:\/\/lianamoca.it\/index.php\/wp-json\/wp\/v2\/pages\/255\/revisions"}],"predecessor-version":[{"id":5162,"href":"https:\/\/lianamoca.it\/index.php\/wp-json\/wp\/v2\/pages\/255\/revisions\/5162"}],"wp:attachment":[{"href":"https:\/\/lianamoca.it\/index.php\/wp-json\/wp\/v2\/media?parent=255"}],"curies":[{"name":"wp","href":"https:\/\/api.w.org\/{rel}","templated":true}]}}